Let v be ((-176)/20)/((-54)/(-15) + -4). Let g be v - (1 + -3 + 1)*-3. Calculate the greatest common divisor of g and 19.
19
Let s(q) = -47*q - 349. Let k be s(-8). Calculate the greatest common factor of 3051 and k.
27
Suppose -5*n + 145 = r, 166 = 4*n + r + 51. Calculate the highest common factor of n and 515.
5
Suppose 258*o + 230*o + 93176 = 507*o. Calculate the greatest common divisor of o and 16.
8
Let n be 1*(35/5 + -192). Let u = -182 - n. Calculate the highest common factor of 48 and u.
3
Let h(a) = 5*a**2 - 7*a + 28. Let k be h(-12). Let m(z) = z**3 + 22*z**2 - 27*z - 66. Let l be m(-23). What is the greatest common factor of k and l?
26
Suppose -25*l - 4*l + 14823 = -20*l. What is the highest common factor of 61 and l?
61
Let u(t) = 5*t**3 - 315*t**2 - t + 65. Let j be u(63). What is the highest common factor of j and 534?
2
Let x be 45/6*56/5. Let u = x - 54. Let n(d) = 10*d**2 - 337*d - 82. Let c be n(34). What is the greatest common divisor of u and c?
10
Let d be 4 + 6 - -2*2/4. Suppose -452 = -4*c + 2*g, -3*g = d - 5. What is the greatest common factor of 448 and c?
112
Let o be -3*((-440)/24 - 14). What is the highest common factor of 97 and o?
97
Let c(f) = -2*f**2 + 21*f + 89. Let k be c(14). Let u be (-30)/(-2)*8/20. Let q be (k/u)/(2/(-312)). Calculate the greatest common factor of q and 26.
26
Let q be -8 - 9/(-6)*20/3. Suppose 0 = n + 3*n - 72. What is the greatest common factor of n and q?
2
Let u(p) = 29*p**2 - p + 8. Let k be u(-3). Let n be k + 0 + -4 + 0. Suppose n = 4*w - 340. What is the greatest common factor of w and 19?
19
Let i = -9 - -4. Let t(r) = r**2 + 6*r + 10. Let m be t(i). Suppose -x - 2 = -o - 0, 0 = -m*o - 4*x + 19. What is the highest common divisor of 27 and o?
3
Let x = -87 + 83. Let k be (32 - 0/(-4)) + 16/x. Let f(a) = 2*a**3 - 3*a**2 + a - 2. Let u be f(3). Calculate the greatest common factor of u and k.
28
Suppose 5*f - 96 = 3*f. Let j = f - 82. Let o be ((-44)/(-6))/(j/9 - -4). What is the greatest common factor of 11 and o?
11
Let l = 1770 + -1734. What is the greatest common divisor of l and 21?
3
Let f be (1/3)/(188/146640). What is the greatest common divisor of f and 80?
20
Let l(k) = -41*k + 592. Let w be l(8). What is the highest common divisor of 40 and w?
8
Let d = 121 - 35. Let f = d - 84. Suppose f*u + 8*u = 840. Calculate the highest common divisor of 12 and u.
12
Suppose -2*j + 21796 = 3*g, -5*g + 36292 = 25*j - 26*j. Calculate the highest common factor of 60 and g.
60
Suppose 0*m + 5*m = 1800. Let s be ((-380)/(-9) - 3*-1) + 398/(-1791). Calculate the greatest common factor of s and m.
45
Let w be 12/(-42) - 394/(-7). Let m(l) = -8*l**3 - l - 2. Let h = 379 - 380. Let o be m(h). What is the highest common divisor of o and w?
7
Suppose 20 = -2*w - 2*a - 0, -2 = w + 3*a. Let d = -6 - w. Suppose -26 + 14 = -g. Calculate the highest common divisor of d and g.
4
Let f(b) = 6*b**2 + 2*b + 1. Let s = -14 - -13. Let j be f(s). Suppose j*m = -i + 192, -3*m + i = 2*i - 114. Calculate the highest common factor of 429 and m.
39
Suppose 18*q + 7121 = 7841. What is the highest common factor of q and 4340?
20
Suppose 69*c - 110*c = 570 - 2415. Calculate the greatest common factor of c and 335.
5
Suppose -33 = -s - x + 642, 4*s = -5*x + 2700. Calculate the highest common factor of s and 25.
25
Let p(c) = -4895*c + 83572. Let t be p(17). Suppose -4*s + 2*i + 102 = -56, 4*s + 3*i = 183. What is the greatest common factor of t and s?
21
Let y = -26825 - -26864. What is the highest common divisor of 17511 and y?
39
Let a be (174/15)/(4/20). Suppose 4 = 2*n - 0, -2*n - 228 = -2*k. Let j = -87 + k. Calculate the highest common factor of j and a.
29
Suppose -2*l + 4*l - 494 = 2*k, 0 = 5*k - l + 1223. Let m = -239 - k. Calculate the highest common divisor of m and 125.
5
Let l be (-110)/(-2*(-5)/(-5)). Let u = -17 + 22. Suppose 9*v - 88 = u*v. What is the highest common factor of l and v?
11
Let j = -386 + 659. Let f be j/49 + 12/(-21). Calculate the highest common factor of 115 and f.
5
Suppose -1025 = -4*h - 10*p + 5*p, 1271 = 5*h - 4*p. What is the greatest common divisor of 75 and h?
15
Let i(f) = -215*f + 1762. Let z be i(8). What is the highest common divisor of z and 70?
14
Let z be 93 - (81/54)/((-6)/(-8)). Suppose -17 - z = -6*j. What is the highest common factor of 288 and j?
18
Let m(c) = 15*c**2 + 24*c + 161. Let s be m(-5). Calculate the highest common divisor of 256 and s.
32
Let g(o) = -o**3 - 12*o**2 - 28*o + 6. Let y = -200 - -191. Let f be g(y). What is the highest common divisor of 285 and f?
15
Suppose 18*y = -5*y + 230. What is the highest common divisor of 1145 and y?
5
Suppose -5*q + 11 = m - 14, 2*q - 18 = -2*m. Suppose 5*h - 483 = -3*f, -5*f + 36 = h - 43. Let t = 135 - h. What is the highest common divisor of t and q?
4
Let m be (-90)/((-2)/(-3) - (-115)/138). Let c be 27/18 + m/(-8). What is the highest common divisor of c and 36?
9
Suppose -l = 3*k - 597, 2*k - 347*l = -343*l + 412. Calculate the highest common factor of 23500 and k.
100
Let t(x) = -4*x + 4 + 4*x**2 + 0 + 0*x. Let h be t(2). Let c be ((-60)/(-18))/((-160)/(-576)). Calculate the highest common divisor of h and c.
12
Let s(c) = -16*c**2 + 79*c - 8. Let r be s(5). Let w be r/(-52) + 2556/16. Calculate the greatest common divisor of w and 30.
10
Let s(v) = v**3 - 12*v**2 + 39*v + 10. Let w be s(8). Let g = 1042 + -536. Calculate the greatest common factor of g and w.
22
Let k(d) = -126*d**3 - 4*d**2 + 24*d + 52. Let r be k(-5). Calculate the greatest common divisor of r and 636.
318
Suppose -22 = -4*a - 3*m + 33, 60 = 5*a + 2*m. Suppose 0 = -y - y - 144. Let g = 142 + y. Calculate the greatest common factor of g and a.
10
Let a be ((-1104)/(-10))/((273/(-210))/(-13)). Calculate the highest common factor of 72 and a.
24
Suppose -279*q = -277*q - 656. Calculate the greatest common divisor of 48 and q.
8
Suppose 17*n - 14 = 3. Let j be 13 + -11 - (-30 + (n - -1)). Calculate the highest common factor of 20 and j.
10
Let h be 271 + (-2 - (4 - 7)). Suppose -3*b = -b - h. Suppose -40*x + b = -38*x. What is the highest common divisor of 34 and x?
34
Let w be 192/1*(12/10 - (-360)/(-800)). Suppose 0*i - 12 = -i - 4*d, 2*i - 24 = -5*d. What is the highest common divisor of i and w?
12
Let u be (-8)/(46/16 + -3). Let y = u + -38. Let l(r) = 127*r - 609. Let i be l(5). What is the greatest common factor of y and i?
26
Let p(v) = -v**2 - 135*v - 3146. Let o be p(-49). Calculate the greatest common divisor of o and 144.
12
Let g = -20600 - -20618. Calculate the highest common divisor of g and 512.
2
Suppose 13*f + 5*r = 10*f - 54, 5*f = -2*r - 90. Suppose -y = 0, -3*q + 6*q + 2*y = 18. Let k be 10/q - (-12)/f. What is the greatest common divisor of 9 and k?
1
Suppose -3*b + 124 = -4*h + 833, -4*h - 3*b = -691. Let a(q) = -5*q - 3. Let o be a(-2). Calculate the greatest common factor of o and h.
7
Suppose 3*a + 2*c - 1292 = 0, -a = 2*a + 6*c - 1296. What is the highest common factor of a and 290?
10
Suppose 5*t - 3920 = -5*r, -t + 5640 = 5*r + 1728. Suppose -9*y = 8*y - r. What is the highest common divisor of y and 46?
46
Let g = 15188 + -14897. What is the greatest common divisor of g and 1843?
97
Let h = 297 + -110. Suppose -5*b - 3*c - 1 = -77, -5*c = b - 46. What is the greatest common factor of h and b?
11
Let m(t) = -t**2 - 6*t - 6. Let b be m(-3). Suppose 4*u = 0, b*p - 7*p + 188 = 3*u. Calculate the highest common divisor of 329 and p.
47
Suppose 3*z = 188*k - 190*k - 7, 4*z + 4 = -4*k. Let l be (-134 - -18)/((1 - 1) + -1). Calculate the highest common divisor of l and k.
4
Suppose -21*r + 18270 = 46*r + 59*r. What is the greatest common divisor of r and 4321?
29
Suppose 0 = 2*x + 2*x - 16. Suppose -3*a - 3*a = -522. Suppose 2*c + 102 = 3*m - 0*m, -3*c = 3*m - a. Calculate the greatest common factor of m and x.
4
Let z = 16753 - 10426. Calculate the greatest common divisor of z and 1368.
171
Suppose f - 2*f = 2*y - 76, -5*f = 5*y - 370. Let c = -4520 + 5168. What is the highest common factor of c and f?
72
Suppose 0 = 5*w + 4 + 1, 5*w = 3*x - 269. Let f be -3 + (2 - -6 - -3). What is the highest common factor of x and f?
8
Let b = -11 - -203. Suppose -4*a + 815 - 212 = -5*t, -t = a - 144. Let c = 179 - a. Calcul